{"id":3319,"date":"2022-03-17T10:45:04","date_gmt":"2022-03-17T09:45:04","guid":{"rendered":"http:\/\/vrnjackabanja.co.rs\/tunel\/"},"modified":"2022-06-28T13:48:41","modified_gmt":"2022-06-28T11:48:41","slug":"tunnel","status":"publish","type":"page","link":"https:\/\/vrnjackabanja.co.rs\/de\/tunnel\/","title":{"rendered":"Tunnel"},"content":{"rendered":"\n<p>Der unterirdische Tunnel aus dem Zweiten Weltkrieg wird nach fast 80 Jahren f\u00fcr Besucher ge\u00f6ffnet. Es ist ein Tunnel, der sich unter der ber\u00fchmten Sommerb\u00fchne befindet.<\/p>\n\n\n\n<p>Die neue touristische Attraktion ist 130 m lang und mit den Inhalten aus der Geschichte dieses Kurortes angereichert. Nach dem Umbau werden die Besucher in der Lage sein, dank der ausgestellten Modelle und Objekteeine klare \u00dcbersicht \u00fcber die Entwicklung des Kurortes von der R\u00f6merzeit \u00fcber die t\u00fcrkische und deutsche Besatzung bis zu den heutigen Tagen zu bekommen. In den Ausstellungsr\u00e4umen werden zahlreiche Waffen, Kanonen, Gewehre, Armbr\u00fcste, Werkzeuge, R\u00fcstungen, K\u00f6rperpanzer, Uniformen der deutschen Soldaten und der Partisanen sowie verschiedene bei den arch\u00e4ologischen Ausgrabungen gefundenen Gegenst\u00e4nde ausgestellt.&nbsp;<\/p>\n\n\n\n<p><\/p>\n\n\n<div class=\"wp-block-image\">\n<figure class=\"aligncenter size-full is-resized\"><img loading=\"lazy\" decoding=\"async\" src=\"http:\/\/vrnjackabanja.co.rs\/wp-content\/uploads\/2022\/03\/muzej_tunel_vrnjacka_banja_240521_tw1024.jpg\" alt=\"\" class=\"wp-image-1893\" width=\"535\" height=\"401\" srcset=\"https:\/\/vrnjackabanja.co.rs\/wp-content\/uploads\/2022\/03\/muzej_tunel_vrnjacka_banja_240521_tw1024.jpg 1024w, https:\/\/vrnjackabanja.co.rs\/wp-content\/uploads\/2022\/03\/muzej_tunel_vrnjacka_banja_240521_tw1024-300x225.jpg 300w, https:\/\/vrnjackabanja.co.rs\/wp-content\/uploads\/2022\/03\/muzej_tunel_vrnjacka_banja_240521_tw1024-768x576.jpg 768w\" sizes=\"auto, (max-width: 535px) 100vw, 535px\" \/><\/figure>\n<\/div>\n\n\n<p>Der Tunnel wird nach den Vorgaben des Instituts f\u00fcr Denkmalpflege seine Authentizit\u00e4t bewahren. Bestimmte Teile werden wegen der Sicherheit der Besucher umgebaut.<\/p>\n\n\n\n<p>Der Tunnel wurde als Unterschlupf f\u00fcr den deutschen Generalstab f\u00fcr S\u00fcdosteuropa vorgeplant. Die Ausgrabungen begannen im Jahre 1942 und wurden von General Alexander Lehr geleitet, des Kommandanten der deutschen Truppen auf dem Balkan und in S\u00fcdosteuropa und des Anf\u00fchrers der Drvar \u2013 Landung, des Unternehmens\u201eR\u00f6sselsprung\u201c sowie des Luftangriffs auf Belgrad am 06. April. Interessanterweise wurde der Tunnel erst im Jahre 1944 aufgebrochen, nach anderthalb Jahren, als sich zwei Teams in der Mitte des Kirchh\u00fcgels trafen, die gleichzeitig auf beiden Seiten gruben. Der zweite begonnene Abzweig des Tunnels in Richtung des Marktes auf der einen Seite und von der Villa \u201ePe\u0107\u201c auf der anderen Seite wurde nicht fertiggestellt.<\/p>\n\n\n\n<p>Die Villa \u201eTurkulovi\u0107\u201c, deren Name nach dem Zweiten Weltkrieg ge\u00e4ndert wurde und die heute Villa \u201ePartizanka\u201c hei\u00dft, ist durch einen Tunnel mit Kirchh\u00fcgelund dem ehemaligen deutschen Hauptquartier verbunden. Die Villa \u201eTurkulovi\u0107\u201c ist daf\u00fcr bekannt, dadas Unternehmen\u201eR\u00f6sselsprung\u201c bzw.Drvar \u2013 Landung in ihr geplant wurde. Der ber\u00fchmte Otto Skorzeny leitete aus dieser Villa dieses Unternehmen.<\/p>\n","protected":false},"excerpt":{"rendered":"<p>Der unterirdische Tunnel aus dem Zweiten Weltkrieg wird nach fast 80 Jahren f\u00fcr Besucher ge\u00f6ffnet. Es ist ein Tunnel, der sich unter der ber\u00fchmten Sommerb\u00fchne befindet. Die neue touristische Attraktion [&hellip;]<\/p>\n","protected":false},"author":1,"featured_media":11484,"parent":0,"menu_order":0,"comment_status":"closed","ping_status":"closed","template":"","meta":{"_acf_changed":false,"footnotes":""},"class_list":["post-3319","page","type-page","status-publish","has-post-thumbnail","hentry"],"acf":[],"_links":{"self":[{"href":"https:\/\/vrnjackabanja.co.rs\/de\/wp-json\/wp\/v2\/pages\/3319","targetHints":{"allow":["GET"]}}],"collection":[{"href":"https:\/\/vrnjackabanja.co.rs\/de\/wp-json\/wp\/v2\/pages"}],"about":[{"href":"https:\/\/vrnjackabanja.co.rs\/de\/wp-json\/wp\/v2\/types\/page"}],"author":[{"embeddable":true,"href":"https:\/\/vrnjackabanja.co.rs\/de\/wp-json\/wp\/v2\/users\/1"}],"replies":[{"embeddable":true,"href":"https:\/\/vrnjackabanja.co.rs\/de\/wp-json\/wp\/v2\/comments?post=3319"}],"version-history":[{"count":4,"href":"https:\/\/vrnjackabanja.co.rs\/de\/wp-json\/wp\/v2\/pages\/3319\/revisions"}],"predecessor-version":[{"id":5781,"href":"https:\/\/vrnjackabanja.co.rs\/de\/wp-json\/wp\/v2\/pages\/3319\/revisions\/5781"}],"wp:featuredmedia":[{"embeddable":true,"href":"https:\/\/vrnjackabanja.co.rs\/de\/wp-json\/wp\/v2\/media\/11484"}],"wp:attachment":[{"href":"https:\/\/vrnjackabanja.co.rs\/de\/wp-json\/wp\/v2\/media?parent=3319"}],"curies":[{"name":"wp","href":"https:\/\/api.w.org\/{rel}","templated":true}]}}

<p>Der unterirdische Tunnel aus dem Zweiten Weltkrieg wird nach fast 80 Jahren für Besucher geöffnet. Es ist ein Tunnel, der sich unter der berühmten Sommerbühne befindet.</p>



<p>Die neue touristische Attraktion ist 130 m lang und mit den Inhalten aus der Geschichte dieses Kurortes angereichert. Nach dem Umbau werden die Besucher in der Lage sein, dank der ausgestellten Modelle und Objekteeine klare Übersicht über die Entwicklung des Kurortes von der Römerzeit über die türkische und deutsche Besatzung bis zu den heutigen Tagen zu bekommen. In den Ausstellungsräumen werden zahlreiche Waffen, Kanonen, Gewehre, Armbrüste, Werkzeuge, Rüstungen, Körperpanzer, Uniformen der deutschen Soldaten und der Partisanen sowie verschiedene bei den archäologischen Ausgrabungen gefundenen Gegenstände ausgestellt.&nbsp;</p>



<p></p>


<div class="wp-block-image">
<figure class="aligncenter size-full is-resized"><img loading="lazy" decoding="async" src="http://vrnjackabanja.co.rs/wp-content/uploads/2022/03/muzej_tunel_vrnjacka_banja_240521_tw1024.jpg" alt="" class="wp-image-1893" width="535" height="401" srcset="https://vrnjackabanja.co.rs/wp-content/uploads/2022/03/muzej_tunel_vrnjacka_banja_240521_tw1024.jpg 1024w, https://vrnjackabanja.co.rs/wp-content/uploads/2022/03/muzej_tunel_vrnjacka_banja_240521_tw1024-300x225.jpg 300w, https://vrnjackabanja.co.rs/wp-content/uploads/2022/03/muzej_tunel_vrnjacka_banja_240521_tw1024-768x576.jpg 768w" sizes="auto, (max-width: 535px) 100vw, 535px" /></figure>
</div>


<p>Der Tunnel wird nach den Vorgaben des Instituts für Denkmalpflege seine Authentizität bewahren. Bestimmte Teile werden wegen der Sicherheit der Besucher umgebaut.</p>



<p>Der Tunnel wurde als Unterschlupf für den deutschen Generalstab für Südosteuropa vorgeplant. Die Ausgrabungen begannen im Jahre 1942 und wurden von General Alexander Lehr geleitet, des Kommandanten der deutschen Truppen auf dem Balkan und in Südosteuropa und des Anführers der Drvar – Landung, des Unternehmens„Rösselsprung“ sowie des Luftangriffs auf Belgrad am 06. April. Interessanterweise wurde der Tunnel erst im Jahre 1944 aufgebrochen, nach anderthalb Jahren, als sich zwei Teams in der Mitte des Kirchhügels trafen, die gleichzeitig auf beiden Seiten gruben. Der zweite begonnene Abzweig des Tunnels in Richtung des Marktes auf der einen Seite und von der Villa „Peć“ auf der anderen Seite wurde nicht fertiggestellt.</p>



<p>Die Villa „Turkulović“, deren Name nach dem Zweiten Weltkrieg geändert wurde und die heute Villa „Partizanka“ heißt, ist durch einen Tunnel mit Kirchhügelund dem ehemaligen deutschen Hauptquartier verbunden. Die Villa „Turkulović“ ist dafür bekannt, dadas Unternehmen„Rösselsprung“ bzw.Drvar – Landung in ihr geplant wurde. Der berühmte Otto Skorzeny leitete aus dieser Villa dieses Unternehmen.</p>

<p>Der unterirdische Tunnel aus dem Zweiten Weltkrieg wird nach fast 80 Jahren für Besucher geöffnet. Es ist ein Tunnel, der sich unter der berühmten Sommerbühne befindet. Die neue touristische Attraktion [&hellip;]</p>
